+ 4*f, -5*f - 12 = -4*c - 0*f. Suppose -c*u = -5377 - 1082. Is u prime?
True
Suppose -9*n + 30*n = -72*n + 11732043. Is n a composite number?
False
Suppose 27 = 4*r - 3*g - 2*g, 0 = -2*r + 3*g + 15. Suppose r*i - x = 21809, 4*x + 377 = i - 6900. Is i a prime number?
False
Suppose -3*j + 267579 = -3*v, -21*j - 4*v + 356740 = -17*j. Is j a prime number?
True
Suppose 5*h + 1175252 - 3076714 = -l, 0 = -5*h + l + 1901478. Is h composite?
True
Is -1*-2351*29 - 0*(-13)/(-338) a composite number?
True
Suppose -3*j + 234 = 228. Is (43341/8)/((-18)/(-24))*j a prime number?
True
Let b = 256851 + 316850. Is b a prime number?
False
Let k = 92 + -83. Let t(w) = 255*w - 5. Let y be t(k). Suppose -5*q + 3*d + 11410 = 0, -2*q = -3*q - d + y. Is q a prime number?
False
Is 1*331746*35/210 prime?
True
Let f(h) = 1 - 2*h**2 + h - 2*h + 3*h**3 + 2*h. Let d be (-72)/(-33) + 1 + 13/(-11). Is f(d) prime?
True
Let a(l) = -4*l + 17. Let h(p) = p. Let t(r) = a(r) - 2*h(r). Let g be t(11). Let v = -14 - g. Is v composite?
True
Suppose -o + 2*o = 2*h - 3382, 4*o = 4*h - 13536. Let g = -49 + 53. Is 6/g*o/(-3) prime?
True
Suppose 2*i = -5*g, 0*i = -3*i - 15. Suppose 4*v - 21295 - 17290 = -5*x, -15434 = -g*x - 2*v. Is x a composite number?
False
Suppose -11*h = 8*h + 228. Is (-3558)/h*(1 + 1) a prime number?
True
Let q(w) be the first derivative of 719*w**2/2 + 167*w + 143. Is q(6) a composite number?
False
Let r be (-27)/24 - -1 - 314205/24. Let h = -6781 - r. Is h composite?
False
Is (-19396)/(-806) + -24 - (-27401549)/31 a prime number?
True
Let f(d) = 60*d**2 + 4. Let u be f(2). Suppose 0 = -4*s - u + 1004. Suppose -4*b - s + 6809 = 3*q, q = 4*b - 6631. Is b a composite number?
False
Suppose 24*u = 3*u + 31038. Suppose u - 11133 = -5*p. Is p prime?
True
Suppose k + 2*j - 1563 = 10099, -2*k + 3*j = -23338. Let t = k - 5317. Is t prime?
False
Suppose -4*r - 5*q = -2*q - 8, 5*q = -3*r - 5. Suppose -r*g + 16 = -24. Suppose 0 = -g*l + 794 - 34. Is l composite?
True
Let t = -21 - -25. Suppose -t*h - 4*u = -12, -2*h + 0*h = 3*u - 11. Is ((2530/h)/5)/((-1)/1) prime?
False
Let w be (-7)/(22 + 6) - 25541/(-4). Suppose 0 = -9*j + 10*j - w. Is j prime?
False
Let g = -10 + -8. Is (-21)/(-2)*(-2724)/g - 0 a composite number?
True
Is (3/(18/376359))/((-13)/(-26)) a composite number?
False
Let b(p) = 1001*p**2 - 26*p + 82. Is b(7) prime?
False
Suppose 320*j - 325*j + 3*q + 1715176 = 0, -3*j = -5*q - 1029096. Is j a composite number?
False
Suppose -d = j + 15800, -16*j + 19*j + 2*d + 47397 = 0. Let p = 24180 + j. Is p a prime number?
False
Suppose -21*x + 55*x - 10096 = 18*x. Is x a prime number?
True
Suppose 8*z + 1240 = 12*z. Is -3*(z/40)/((-6)/248) a prime number?
False
Let w be ((8/16)/((-4)/19384))/(-1). Suppose -8*y + 18207 = w. Is y composite?
False
Suppose -2*y - 3*o + 452617 = 0, -y - o - 4069 = -230377. Is y prime?
True
Suppose -7 = -2*g - 3. Let d be (-245)/(-5) - 2/g. Let a = d - -275. Is a prime?
False
Suppose -6*i = -17362 + 43180. Let u be (i/26)/(2/16). Is 2/(-3)*21/56*u prime?
True
Let z be -5*(12/(-6) - -1). Suppose -4*k - 9328 = -2*l - 7*k, z*l - 3*k - 23299 = 0. Is l composite?
True
Suppose 5*o - n = n + 24779, -5*o - 4*n = -24797. Is o a prime number?
True
Suppose -z + 2*k + 1825 = 0, 2*z - 2*k - 5483 = -z. Let m = 4026 + z. Is m prime?
False
Suppose 2195216 = -195*w + 20028551. Is w a composite number?
False
Let l(a) = -2*a + 63. Let v(r) = 2*r + 5. Let o be v(11). Let u be l(o). Suppose 3*n - h - 97 = 0, -5*n + u*n - 112 = -3*h. Is n a composite number?
False
Suppose 12769812 = 11*f + 5128673. Is f a prime number?
True
Let c(n) be the second derivative of n**5/20 - n**4/2 - n**3/3 - n**2/2 - 21*n. Is c(10) prime?
True
Suppose 8*p - 112510 = -2*p. Suppose -i = -5, 3*i + 0*i - p = -4*z. Is z a prime number?
False
Let z = 94 + -10. Suppose 0*q - 5*a = 5*q - 20, -2*q - 3*a + 13 = 0. Is 7/(z/1755) + q/4 composite?
True
Is -9 - ((-184)/(-46) + 12*-3873) prime?
False
Suppose 21 = 7*t - 0*t. Suppose t*g + 18375 = 8*h - 5*h, -5*h - g = -30601. Is h composite?
False
Let k(m) = -2*m**3 + 12*m**2 - 12*m. Let x = 50 - 42. Let z be k(x). Is (-312092)/z + 0 + 6/16 composite?
False
Suppose v = -j - 2*v + 126, 2*v - 514 = -4*j. Suppose -p = 494 - j. Let r = -174 - p. Is r a composite number?
False
Is (971896/48)/(13/78) prime?
True
Suppose 1300 = -4*m - 1356. Let u = -173 - m. Is u composite?
False
Suppose 11*q - 61764 - 23915 = 0. Is q a composite number?
False
Let y(q) = -297*q**3 - 36*q**2 - 31*q - 39. Is y(-14) a prime number?
True
Let l = 40 + -2. Suppose 485 = l*k - 37*k. Let o = -148 + k. Is o a prime number?
True
Let a = 602 + -1863. Let g = 2866 - a. Is g composite?
False
Suppose 0*d = -d + 6. Let g(z) = z**2 + 13*z + 27. Let v be g(-11). Suppose -v*c = 20, -4*c + d*c = s - 219. Is s a prime number?
True
Let s be 0 + 2 - (-30 - 5) - 5. Suppose 0 = s*q - 171541 - 71371. Is q composite?
False
Let l(q) = 18183*q**2 + 82*q - 3. Is l(4) a composite number?
False
Let b(o) = -o**2 - 3*o - 5. Let q be b(-3). Let t be (q/(-10))/(1/6326). Suppose -7832 + t = -7*m. Is m composite?
True
Suppose -2*m = 15*m - 85. Suppose -82189 = -m*y + 3*f, 0 = -5*y - 3*f + 91037 - 8836. Is y composite?
True
Let o(c) = 4955*c**2 - 43*c - 299. Is o(-5) a prime number?
True
Let j(o) = -1265*o**2 - o + 5. Let p(v) = -632*v**2 - v + 3. Let g(i) = 2*j(i) - 5*p(i). Is g(2) a composite number?
False
Let t be 8/52 + (-3094350)/(-91). Suppose 5*m - 56650 = -3*v, v + t = -3*m + 6*m. Is m a prime number?
False
Suppose f + 9822 = 3*f + 4*f. Is f a prime number?
True
Let x = 286375 - 136832. Is x a prime number?
True
Suppose -663 = -3*i + 3*p, -4*i - i - 4*p + 1087 = 0. Suppose 5*z = 2*z + i. Is (-4 + 15)*z - 4 a prime number?
False
Suppose -5*h - 6578 = -3*v, 5*h = -2*v + 3*v - 2186. Let b be 4091 + 4 - (-1 + -1). Let r = b - v. Is r a composite number?
False
Let f(l) = -13*l**3 + 3*l**2 + 5*l - 5. Let p(s) = -7*s**3 + 2*s**2 + 2*s - 3. Let q(r) = -6*f(r) + 11*p(r). Let m be q(-9). Let g = m + 755. Is g prime?
True
Suppose -14*o = -145 + 5. Let s = o - 8. Suppose -12*z + 7870 = -s*z. Is z composite?
False
Let s = -21 - -27. Let r(a) = a**2 + 2*a. Let x be r(1). Is 10279/(-38)*(-4)/s*x a composite number?
False
Suppose 13*z + 58254 = 32*z. Suppose -7*j + 53179 = -z. Is j composite?
True
Suppose 2356 = 3*z + 29*c - 33*c, -z + 783 = c. Let v = z - -4747. Is v prime?
True
Suppose 29*c - 1453971 = 2683198. Is c prime?
False
Let g(d) = 66*d**2 + 1 + 0 + 133*d**2. Let l = 43 - 45. Is g(l) a prime number?
True
Suppose n = 5*t - 14291 - 9940, 5*t + n = 24239. Is t a prime number?
False
Suppose -2048*x = -2043*x - 45. Let i(r) be the first derivative of 24*r**2 + 17*r + 1. Is i(x) a composite number?
False
Suppose 5*m - 3*o = 891, 5*m - 536 = o + 351. Let p = -342 + m. Let a = p - -428. Is a a prime number?
True
Suppose 0 = 2*w + 3*u - 403083, 2*w - 7*u - 434094 + 31001 = 0. Is w a prime number?
False
Suppose -2*b + 1375882 = 2*p, 0 = 4*p + 2*b - 1703048 - 1048732. Is p a composite number?
False
Is -5*(200350/(-125))/(4/4 + 1) a composite number?
False
Let o(g) be the third derivative of 81*g**5/20 + g**4/2 - 16*g**3/3 + 28*g**2. Is o(5) a prime number?
False
Suppose -2*m - 2648 = -79120. Suppose -4*x + 6216 = -m. Is x a composite number?
False
Is 1595185/25*2 - (-17)/85 a composite number?
True
Suppose -99170 = -f + 2*d + 51627, 2*d = -2*f + 301546. Is f prime?
False
Let h(f) = -f**2 + 1. Let g be h(2). Let o = g - -18. Suppose -o = -s + 96. Is s composite?
True
Let w(v) = 6*v**3 - 16*v**2 - 7*v - 3. Let b be w(9). Suppose p = 4*p - b. Is ((-20)/40)/((-2)/p) a prime number?
True
Suppose -555 = o - 4*k, 0*o - 559 = o - 3*k. Let d = 182 - o. Is d prime?
False
Suppose 4*s = -19 + 31. Suppose s*t = -16 + 13. Is (t - -412)*3/(-4 + 7) composite?
True
Let p(y) = 13*y**3 - 9*y**2 + 103*y - 1. Is p(6) composite?
True
Suppose 467 = 3*b + 3*a + 2444, 1315 = -2*b - a. Let j = 1597 + b. Is j composite?
False
Let r be (-2)/(-7) - ((-2090)/(-70))/(-11). Suppose -9*m + 5*m = r*c - 5903, -c - 5*m = -1964. Is c a composite number?
True
Let g = 37170 + 1409. Is g a prime number?
False
Suppose -16*t + 15135 + 27297 = 0. Let j = -1774 + t. Is j prime?
False
Let s(w) = -w**3 - 3*w**2 - 5*w - 4. Let l be (4/(-10) - 0) + (-64)/40. Let f be s